 is 1001101 - -111110?
10001011
In base 6, what is -2 - -121354?
121352
In base 15, what is 56 - -4a6?
50c
In base 5, what is -111114144 - 1?
-111114200
In base 7, what is 5 - -25404?
25412
In base 10, what is -7 + 976?
969
In base 4, what is -30100 - -2131?
-21303
In base 8, what is 60222 + 12?
60234
In base 2, what is -1 + 100110001100000?
100110001011111
In base 2, what is 10011101 - 10011011110?
-10001000001
In base 16, what is -b1 + -1c?
-cd
In base 16, what is c6 - 144?
-7e
In base 14, what is 0 + 7dbc8?
7dbc8
In base 15, what is 1352 - -c?
135e
In base 14, what is -195 - 2b?
-1c2
In base 4, what is 1332333 - 0?
1332333
In base 16, what is -2 - f482?
-f484
In base 12, what is 2 - 23454?
-23452
In base 2, what is -111 - -11011110100011?
11011110011100
In base 16, what is 13c23e + -1?
13c23d
In base 7, what is 15 + -14654?
-14636
In base 8, what is 161462 - 4?
161456
In base 8, what is 22622 + -620?
22002
In base 15, what is 865 + 12?
877
In base 7, what is -123 + -3541?
-3664
In base 14, what is 2c + 5672?
56a0
In base 4, what is -32132 + 133?
-31333
In base 3, what is 222 - -1001221?
1002220
In base 11, what is 31287 + -3?
31284
In base 2, what is 1011000111111101001 + 1000?
1011000111111110001
In base 13, what is -2 - -14a52?
14a50
In base 15, what is -e49 - 26?
-e70
In base 7, what is -2345224 - 2?
-2345226
In base 7, what is -3 + -6065644?
-6065650
In base 12, what is 49635 - -4?
49639
In base 5, what is -10 + -32212400?
-32212410
In base 9, what is -23333 + 1?
-23332
In base 5, what is 4 + 400141?
400200
In base 8, what is -551 + -443?
-1214
In base 3, what is 11121200012 + -122?
11121122120
In base 13, what is 54c - 34b?
201
In base 5, what is 12012014 - -101?
12012120
In base 12, what is -1 - 2157?
-2158
In base 5, what is 14343442 + -3?
14343434
In base 2, what is -100 + -10000000110001110?
-10000000110010010
In base 15, what is -795 + -66?
-80b
In base 9, what is 14 + 6728?
6743
In base 11, what is 2 + aa720?
aa722
In base 8, what is -6246 + 0?
-6246
In base 4, what is 12000 + 112123?
130123
In base 2, what is 10 - -11000110000011000?
11000110000011010
In base 7, what is 2 + -102522?
-102520
In base 2, what is 10010001010 + -11011?
10001101111
In base 13, what is -216780 + -3?
-216783
In base 4, what is -203 - 1200011?
-1200220
In base 9, what is -325700 + -24?
-325724
In base 13, what is -6 + 170bb?
170b5
In base 5, what is 331121 + -4?
331112
In base 3, what is -11 - 102221001002?
-102221001020
In base 13, what is -c1 + -c0a?
-ccb
In base 4, what is -3 - 2213320?
-2213323
In base 15, what is 789a + -2?
7898
In base 12, what is -a1 + -4a90?
-4b71
In base 15, what is 2 - ded1?
-dece
In base 2, what is -1011100111000 + -110011110?
-1100011010110
In base 9, what is 2056174 + 1?
2056175
In base 12, what is -1584 - -1b?
-1565
In base 8, what is -5753 - 3?
-5756
In base 14, what is d44b - -3?
d450
In base 16, what is f1 - -45?
136
In base 7, what is 1 + -110636?
-110635
In base 6, what is 4 + 224130?
224134
In base 3, what is 1211101 - -22?
1211200
In base 2, what is 11111011110001 - -100?
11111011110101
In base 6, what is 35534502 + 5?
35534511
In base 4, what is -202 + -13200?
-20002
In base 13, what is 2c807 - -a?
2c814
In base 3, what is 1 + 20000121121?
20000121122
In base 6, what is 13 + 555042?
555055
In base 2, what is -1001 + -110110110010?
-110110111011
In base 6, what is -23 - -21550?
21523
In base 3, what is -2102001 - 1?
-2102002
In base 16, what is 131d + 50?
136d
In base 15, what is -12 + -1aa1?
-1ab3
In base 9, what is 3 + -711503?
-711500
In base 10, what is -7 + -129975?
-129982
In base 4, what is 123121330 - -2?
123121332
In base 11, what is 5773 + -180?
55a3
In base 16, what is 3d76 + -2?
3d74
In base 14, what is -3bd + -120?
-4dd
In base 4, what is -102210311 + -10?
-102210321
In base 12, what is -287 + -4?
-28b
In base 10, what is 23614 + -5?
23609
In base 13, what is 3a1 - -23?
3c4
In base 5, what is 2110 - 1023221?
-1021111
In base 7, what is -63 + 5344?
5251
In base 16, what is bf + 4cc?
58b
In base 2, what is -1100001 - -11011100?
1111011
In base 15, what is 121 + 6c1?
7e2
In base 7, what is 3646 - 553?
3063
In base 13, what is 0 - -979?
979
In base 16, what is -171 - -1a?
-157
In base 6, what is -2 - 100324?
-100330
In base 3, what is 12022022010 - 10?
12022022000
In base 10, what is -1330 + -4?
-1334
In base 4, what is 103203133 + -10?
103203123
In base 3, what is 100221002 - 11?
100220221
In base 11, what is -15a4 - 1?
-15a5
In base 6, what is 5 - -11430?
11435
In base 14, what is 988 + -1b?
96b
In base 15, what is 3b10 + -12?
3aed
In base 3, what is -2022121 - 11011?
-2110202
In base 16, what is 104b - 554?
af7
In base 8, what is -62 + -31364?
-31446
In base 11, what is 246070 + -3?
246068
In base 6, what is -5 - -1021411?
1021402
In base 8, what is 100164 + 2?
100166
In base 13, what is -a412 + -6?
-a418
In base 5, what is 3210021 - 4?
3210012
In base 15, what is -c + 23aa?
239d
In base 5, what is 110 + 1232404?
1233014
In base 11, what is -16 - 47122?
-47138
In base 5, what is -1 - 2231004?
-2231010
In base 15, what is 2c - 1?
2b
In base 13, what is -b45 - 79?
-bc1
In base 16, what is -d3 - 59?
-12c
In base 8, what is 556456 + -5?
556451
In base 7, what is -133121 + -25?
-133146
In base 2, what is 11001 + 100011111010?
100100010011
In base 15, what is 1e6647 - -2?
1e6649
In base 2, what is 110111011101110100 - 110?
110111011101101110
In base 14, what is -8 - 16d79?
-16d83
In base 4, what is 200332231 - -11?
200332302
In base 3, what is 21022021122 - -100?
21022021222
In base 10, what is -417218 - -15?
-417203
In base 7, what is -14 - 446356?
-446403
In base 15, what is 3d915 + -4?
3d911
In base 7, what is 3334 - -6?
3343
In base 2, what is 11101110100 + -100000?
11101010100
In base 16, what is 8b - 12?
79
In base 6, what is 32410 - -1325?
34135
In base 6, what is 0 - -121425?
121425
In base 5, what is 130 - 2001313?
-2001133
In base 2, what is -101 - 1111110100000101?
-1111110100001010
In base 10, what is -1 - 365261?
-365262
In base 14, what is 41 - 2532?
-24d1
In base 2, what is 100 - -11101111011?
11101111111
In base 14, what is -1 + -ca25?
-ca26
In base 4, what is -10 - -32230001?
32223331
In base 5, what is -2203 - 123?
-2331
In base 7, what is 604 - 125?
446
In base 8, what is 1156 - -206?
1364
In base 2, what is 1000 - -110100010000001011?
110100010000010011
In base 3, what is 10010221 + 12002?
10100000
In base 10, what is -61868 + 0?
-61868
In base 12, what is -bb + -32b9?
-33b8
In base 5, what is 1234243 + 130?
1234423
In base 11, what is 414174 - -5?
414179
In base 10, what is -1211 - 46?
-1257
In base 15, what is c + c11?
c1d
In base 3, what is 2001 - 21102?
-12101
In base 4, what is -3322010 + -1?
-3322011
In base 6, what is -5343115 + 3?
-5343112
In base 2, what is -1 - 10110010010101?
-10110010010110
In base 2, what is 100 + 1110001010000111?
1110001010001011
In base 3, what is -110 - -110201212011?
110201211201
In base 16, what is -f + 48d?
47e
In base 5, what is 421203440 + -3?
421203432
In base 16, what is 174 - 43?
131
In base 15, what is -29 + -79c2?
-79eb
In base 12, what is 29 + -2900?
-2893
In base 10, what is 40 + 33077?
33117
In base 6, what is -143144030 - 2?
-143144032
In base 2, what is 11 + 1000101000100010?
1000101000100101
In base 12, what is 2a + -b975?
-b947
In base 8, what is 4302 - -246?
4550
In base 8, what is 31 - 24?
5
In base 5, what is -10203 - 303?
-11011
In base 15, what is -834 - -68?
-7bb
In base 5, what is -2213 + 414?
-1244
In base 5, what is -3 - 11041331?
-11041334
In base 6, what is 14031 - 125?
13502
In base 16, what is -48b4 - 13?
-48c7
In base 15, what is 4 + 384b?
3850
In base 4, what is 3 + 11303322?
11303331
In base 7, what is 21 - 11502?
-11451
In base 4, what is 11 - -30022230?
30022301
In base 8, what is 1735 + 101?
2036
In base 4, what is 101020 + 1?
101021
In base 15, what is -3 + 624e?
624b
In base 3, what is 2112 + -120220020?
-120210201
In base 13, what is -1 + 152a52?
152a51
In base 9, what is -74 + 22627?
22543
In base 8, what is -426 + -4032?
-4460
In base 13, what is 5 + a76?
a7b
In base 5, what is -214 - -4400?
4131
In base 4, what is -3103121001 + 0?
-3103121001
In base 2, what is 11100001000111 - -1111?
11100001010110
In base 8, w